 v = 3*u - 2*u - 4. Suppose -u*p + 3*w = -36, 2*p + 3*p - 45 = -4*w. List the prime factors of p.
3
Let b = -7 - -14. Suppose -2*h + 5*d - 5 = 0, d = -4*h - 2*d - 23. Let w = h + b. What are the prime factors of w?
2
Let d = 51 + 60. What are the prime factors of d?
3, 37
Let s = -18 + 15. What are the prime factors of (-24 + 10)/(s + 1)?
7
Let p(h) = -h**3 - 3*h**2 + 4*h + 5. Let u be p(-4). Suppose 4*t = -5*a + 24 + 37, -5*a + 33 = -3*t. Let v = a - u. List the prime factors of v.
2
Suppose 22*n - 24*n + 92 = 0. List the prime factors of n.
2, 23
Suppose -2*r + 7*r - 20 = 0. Let s = r - -2. What are the prime factors of s?
2, 3
Let y(s) = -3*s + 5. Let t be y(-5). Let f = -12 + t. List the prime factors of f - -1*(-1 - -3).
2, 5
What are the prime factors of ((-19)/4)/(3/(-12))?
19
Suppose 69 + 58 = 3*v + 4*q, 88 = 2*v + q. What are the prime factors of v?
3, 5
Let q be 124/8 + (-2)/4. Let v be (-6)/(-4)*(-10)/q. Let x = v + 5. What are the prime factors of x?
2
Suppose 82 + 191 = 3*z. Let b = z + -47. What are the prime factors of b?
2, 11
Let k be 1/4 - 1324/(-16). Suppose -5*q = -4*f + k, 2*q = 4*f + f - 125. List the prime factors of f.
3
Let y(v) = 35*v**3 - 4*v**2 + 6*v - 8. List the prime factors of y(2).
2, 67
Suppose 0 = 4*s + 13 - 29. Suppose 3*y = -s + 55. List the prime factors of y.
17
Let d = -501 - -721. List the prime factors of d.
2, 5, 11
Let c = -12 - -17. Let n(h) = -h**3 + 6*h**2 - 5*h + 3. List the prime factors of n(c).
3
Let i be 4/12 + 15/9. Suppose 5 = -5*y - 5*r, -3*y + 4*r = -2*y + 21. What are the prime factors of y*-2*i/4?
5
Let f = 557 + -396. What are the prime factors of f?
7, 23
Let y = -21 + 94. Suppose 4*u - 15 - y = 0. List the prime factors of u.
2, 11
Let y(h) = -h**3 + h**2 + h + 2. Suppose -4*o + 4 = 20. Let a be y(o). Suppose -30 = -2*m + k, 5*m - k - a = -6. List the prime factors of m.
2, 7
Suppose 3 + 2 = r. Suppose 5*o = -j + 18, r*o + 3 = 2*o + 4*j. List the prime factors of o.
3
Let v(k) = 3*k**2 - 10*k + 15. List the prime factors of v(5).
2, 5
Let c(h) = 4*h + 2*h - 5*h + 2. Let s be c(2). Suppose -g = g - 3*j - 16, -s*g = -j - 12. What are the prime factors of g?
2
Let a be (2 + 12)/2 + 0. Let s = 9 - a. What are the prime factors of s?
2
Suppose 9 + 321 = 5*b. List the prime factors of b.
2, 3, 11
Let t(b) = -b**2 - 2*b. Let r(k) = -k**2 - k. Let c(w) = 2*r(w) - 3*t(w). What are the prime factors of c(-7)?
3, 7
Let z = 11 + -9. Suppose 5*b + 46 = 4*r, 0 = -5*r + z*b + b + 51. List the prime factors of r.
3
Let q(m) = -m**2 - 16*m + 20. Let j be q(-17). Suppose -3*o = -j*y - 9, 4*o - 4*y - 2 = 2*o. List the prime factors of o.
5
Suppose 2*o + 4 - 12 = 0. Suppose -2*l - o = -3*l. Suppose -5*n + 3*p + 1 = 0, 0*n = -l*n - 2*p + 14. What are the prime factors of n?
2
Suppose -5*v = -6 + 36. What are the prime factors of (v/3)/(2/(-10))?
2, 5
Let o = -10 - -18. Let a = -6 + o. List the prime factors of a.
2
Let v(u) = 24 + 0*u - 25 + 0*u + 2*u**2 + 12*u**3. List the prime factors of v(1).
13
Let y(m) be the second derivative of m**5/20 - 5*m**3/6 + 2*m**2 + 2*m. Let j be y(3). Let s = j + -8. What are the prime factors of s?
2
Suppose q + 2*q - 21 = 0. Suppose 5*v = -r + q + 17, 3*r = v + 8. Suppose -m + 15 = -r*d, 4*m - 8*d + 3*d - 71 = 0. What are the prime factors of m?
19
Let z = -69 + 33. Let i = z - -62. List the prime factors of i.
2, 13
Suppose -30 = -4*b + g + 10, -3*b - 3*g + 15 = 0. Let o(l) = l**2 - 7*l - 2. List the prime factors of o(b).
2
Suppose 115 = 10*f - 75. What are the prime factors of f?
19
What are the prime factors of 4*((-14 - -11) + 99/2)?
2, 3, 31
Let k = 2 + 14. Suppose -140 = 12*x - k*x. What are the prime factors of x?
5, 7
Let n(p) = 7*p - 8. Let m(c) = -c + 1. Let w(j) = 5*m(j) + n(j). Let z be w(4). Suppose q = -2*q - z*l + 9, -5*q = l - 37. List the prime factors of q.
2
Suppose -2*x - n + 17 = 0, 2*x - n - 1 = 10. List the prime factors of x.
7
Suppose -h + 5 + 1 = 0. Let n be ((-10)/(-6))/(2/h). List the prime factors of (-2)/n + (-32)/(-5).
2, 3
List the prime factors of (-3 + (-20)/(-6))*54.
2, 3
Let l = -9 - -7. Let z = l - -6. What are the prime factors of z?
2
Suppose -g + 5*s + 89 = 2*g, -2*s = -4*g + 100. List the prime factors of g.
23
Let a = 250 - 153. What are the prime factors of a?
97
Let z be (-9)/(-3) - -3 - 3. Suppose 0 = -4*g + z*j - j + 8, -5*j + 25 = 5*g. What are the prime factors of g?
3
Let g(o) = -o**2 - o + 5. Suppose -s = -0*s. What are the prime factors of g(s)?
5
What are the prime factors of (-28)/196 + 492/14?
5, 7
Let y(d) = -4*d. Let k be y(-3). Let i = 18 - k. What are the prime factors of i?
2, 3
Let h = 10 + -5. Let r = -4 + h. Suppose -3*b + 16 = r. What are the prime factors of b?
5
Let x(s) = 3*s**2 - 1 + s - 2 + 2. Let c be x(-2). Let f = c - -6. What are the prime factors of f?
3, 5
Let z = 88 + -74. List the prime factors of z.
2, 7
Suppose 3*k + 5 = 2*g + 2*k, -g = k - 7. Let l be 1/((-2)/4)*-2. Suppose -g*h - 3 + 16 = a, -a - 3 = -l*h. List the prime factors of a.
5
Suppose 4*y - 5*a = 3 + 4, -1 = -y + 2*a. Let c(x) = x**2 - 3*x**y - x + 3*x**3 + 13*x**3. List the prime factors of c(1).
13
Let i(x) = x**3 + 9*x**2 - 4*x - 9. What are the prime factors of i(-9)?
3
Let r(o) = o**2 - o + 2. Let l = 1 + -3. Let h = -2 - l. What are the prime factors of r(h)?
2
Suppose 4*x + 18 = 2*j - 24, 3*x + 4*j + 26 = 0. Let z be (-10)/(-4) + 5/x. Let f(b) = 2*b + 2. What are the prime factors of f(z)?
2, 3
Let n be (2/6)/((-1)/(-15)). Suppose n*h - 24 - 54 = -3*v, v = 1. List the prime factors of (-20)/(-6) + 10/h.
2
Suppose 0*i + 75 = -5*i - 5*r, 5*i + r = -67. Let v = i + 47. What are the prime factors of v?
2, 17
Let j(y) = y**2 + 8*y + 9. Let l be j(-7). Suppose -3 = -l*m + 21. List the prime factors of m.
2, 3
Let y(w) = -2*w + 9. What are the prime factors of y(0)?
3
Let k be 0 + (0 - 2) - -11. Suppose 0 = 2*z - k - 9. Suppose 24 + z = 3*x. What are the prime factors of x?
11
Let r(y) = -5*y - 6. Let j be r(-6). Suppose 3*k = -41 + 8. Let o = k + j. List the prime factors of o.
13
Suppose -u - 32 = -4*j, 0*u - 24 = -3*j + 2*u. List the prime factors of j.
2
List the prime factors of 111/5 + (-4)/20.
2, 11
Suppose 0 = 5*c - 4 - 1. List the prime factors of -22*c*2/(-4).
11
Let z = -7 - -8. What are the prime factors of (1/z)/(6/258)?
43
Let n be (-2)/7 - (-46)/14. Let u = -2 + n. Suppose 2*v = -u + 5. What are the prime factors of v?
2
Let w be (33/9 + -2)*3. Suppose 0 = w*x - 34 + 4. Suppose 9 = 5*l - x. What are the prime factors of l?
3
Let l(r) = r + 12. Let h be l(-9). Suppose 0 = h*a - 4 - 2. Suppose 5*t - 17 = f, -a = -f + 1. What are the prime factors of t?
2
Let g(h) = h**2 - 3*h - 7. List the prime factors of g(9).
47
Let p(v) = 2*v**2 + 4*v + 1. What are the prime factors of p(-6)?
7
Suppose -52 = -h + i, 2*h + i - 4*i = 106. List the prime factors of h.
2, 5
Suppose 0 = -6*m - 121 + 499. What are the prime factors of m?
3, 7
Let b be 5/(-2)*8/(-10). Suppose b*f = 3*f - 3. What are the prime factors of f?
3
Suppose 15 = -5*m + 5*a, -a = 3*a - 20. Suppose -m*w = -x + 13, 2*x = 7*x - w - 65. What are the prime factors of x?
13
Let d(s) = s - 9. Let w be d(7). Let l be (-3 - w)/((-1)/10). Suppose -5*c + 20 = 5*g, 0 = -2*c + 3*g + 23 - l. List the prime factors of c.
5
Suppose 0 = -7*g + 5*g + 64. What are the prime factors of g?
2
Let p(s) be the third derivative of -s**4/2 + s**3/6 - 4*s**2. What are the prime factors of p(-2)?
5
Suppose -5*d = 5*t - 165, -d - 6*t = -t - 45. What are the prime factors of d?
2, 3, 5
Let g(t) = 68*t + 38. What are the prime factors of g(4)?
2, 5, 31
Suppose -3*w + 0*n + 28 = -5*n, -4 = -w + 3*n. Suppose 5*z = z + w. Suppose -r - q = -6*r + 76, z*r + q = 59. What are the prime factors of r?
3, 5
Let y(z) = 1 + 18*z - 7 - 23*z. What are the prime factors of y(-7)?
29
What are the prime factors of (-1 - 378/(-15)) + (-3)/15?
2, 3
Suppose 0*p - n - 673 = -2*p, -n = -5*p + 1690. List the prime factors of p.
3, 113
Let i be 3*1*32/(-24). Let k(n) = -6*n - 6. What are the prime factors of k(i)?
2, 3
Let f(o) = 4*o - 4. Let t be f(3). Let d(m) be the first derivative of 3*m**2/2 - 10*m + 1. List the prime factors of d(t).
2, 7
Let r(o) = -o**2 - 5*o + 2. Let n be r(-5). Suppose n*b - 8 = 114.